*j + 323. Calculate the remainder when 964 is divided by j.
176
Let y be (1 - (-3)/(-4)) + (-911)/(-4). Suppose 2*z - y = 5*v + 41, -v + 5 = 0. Calculate the remainder when z is divided by 41.
24
Suppose -2*d + 177944 = 114*d. What is the remainder when d is divided by 6?
4
Suppose 4*v + c - 66 = -1236, 4*v + 4*c = -1164. Let t be 18/(-3) + 4 - v. Let p = -136 + t. What is the remainder when p is divided by 39?
38
Suppose 3*v = -2*j + 29, -4*j - 1 = -5*v + 18. Let s be ((-12)/7)/((-2)/v). Suppose -22 = -s*i + 8. What is the remainder when 42 is divided by i?
2
Suppose -46*z + 436 + 484 = 0. Let r(m) = -16*m + 9. Calculate the remainder when r(-3) is divided by z.
17
Let n(f) = -f**3 + 18*f**2 + 64*f + 31. Let t be n(11). Let l = t + -1080. Calculate the remainder when l is divided by 63.
61
Suppose -3585 = -16*v - 2657. Calculate the remainder when 182 is divided by v.
8
Let o be (-18)/(-12) - (-165)/(-2). Let m = 84 + o. Calculate the remainder when (-1)/2 - 27/(-6) is divided by m.
1
Calculate the remainder when 345 is divided by ((-7830)/(-108))/((-5)/(-8)).
113
Suppose 2*t + 9 = 25. Let n(j) = -j**3 - j**2 - 3*j. Let u be (2/(-4))/(-6 - (-37)/6). What is the remainder when n(u) is divided by t?
3
Suppose 3*d - 3189 = 6*f, 5*d + 101*f = 98*f + 5315. Calculate the remainder when 2144 is divided by d.
18
Let o(r) = -r**2 - 49*r - 423. What is the remainder when o(-35) is divided by 23?
21
Let r(k) = 48*k - 9. Let l(m) = 7*m - 160. Let f be l(23). What is the remainder when r(f) is divided by 37?
2
Let b(p) = -19*p + 1337. Calculate the remainder when b(34) is divided by 86.
3
Suppose -10*n + 67580 + 20100 = 0. What is the remainder when n is divided by 325?
318
Let z(v) = 2*v**2 - 26*v + 3. Let f be z(9). Let b = f + 76. Calculate the remainder when (-1)/(1/(-1)) - -8 is divided by b.
2
Let z(a) = 47*a**3 + 3*a**2 - 4. Let b be z(2). Suppose -10*i = -18*i + b. Calculate the remainder when i is divided by 32.
16
Let y = 1178 - 1127. Suppose 3*r - r = 120. What is the remainder when r is divided by y?
9
Let o(b) be the second derivative of b**3 + 7*b**2 + 2*b + 2. What is the remainder when o(3) is divided by 4?
0
Suppose 160*t = 61*t + 47223. What is the remainder when 1432 is divided by t?
1
Let p be 1*(-46)/(-12)*324/54. Suppose p*v - 38*v + 240 = 0. What is the remainder when 64 is divided by v?
0
Let d = -55 + 175. Let r = -70 + d. Calculate the remainder when (9/(-3) - -297) + 4 is divided by r.
48
Suppose q + y = 0, 2*q + q = -2*y + 2. Let o(c) = 51*c**2 - 2*c + 12. What is the remainder when o(q) is divided by 43?
40
Suppose -15*n + 20562 - 20082 = 0. What is the remainder when 519 is divided by n?
7
Let p(c) = -38*c + 7. Let j = -397 + 501. Suppose 20*a + j - 884 = 0. What is the remainder when p(-8) is divided by a?
38
Let o(m) = 8*m**2 - 35*m - 13. Calculate the remainder when 640 is divided by o(6).
55
Let v(y) be the third derivative of -y**5/60 - 7*y**4/8 - 25*y**3/6 - 23*y**2. Let s = -21 + 29. What is the remainder when v(-18) is divided by s?
5
Let c be (-385)/(-4) - ((-42)/(-8) + -5). Suppose 0 = 5*h - 13*h - c. What is the remainder when 20 is divided by 16/(-24) + (-22)/h*8?
6
Suppose -f + 5*f - 20 = -4*n, -f + n - 5 = 0. Suppose -32*v + 28*v + 172 = f. Calculate the remainder when v is divided by 3.
1
Let n be (-5*6/(-30))/((-2)/(-6)). Suppose -5*k - 30 - 16 = -n*m, 3*k + 28 = 2*m. Let r = k - -59. What is the remainder when r is divided by 13?
12
Suppose -3*i - i + 44 = 0. Let k(v) = 6701*v - 12503. What is the remainder when k(2) is divided by i?
8
Suppose 3*c - 546 = 120. Suppose -212 = -4*f - 4*o, -5*f - 4*o = -c - 39. Calculate the remainder when 9/3 - f/(-7) is divided by 3.
1
Let q be 1954/(-10) - (-12)/(-150)*-5. Calculate the remainder when 39 is divided by (2/3)/((-5)/(q + 0)).
13
Suppose -16*d + 9 = -7*d. Suppose 35 = -14*y + 19*y. Let c = -6 + y. Calculate the remainder when d is divided by c.
0
Calculate the remainder when 2*1/(-16) + 66994/656 is divided by 39.
24
Let p(k) = 13*k**2 - 89*k + 16. What is the remainder when 2/(-4) - (-3267)/22 is divided by p(7)?
28
Let f = 14112 + -13573. What is the remainder when 546 is divided by f?
7
Suppose -15 = 3*m, -4*i + 5*m = -9*i + 1485. Calculate the remainder when i is divided by 19.
17
Suppose 3219 + 1321 = 9*p - 3326. What is the remainder when p is divided by 7?
6
Suppose -i + 33 = 2*g, -i - 12 = -3*g + 35. What is the remainder when 19 is divided by 8 - -1 - (g/4)/(-2)?
8
Suppose -j - 4*v = -683 + 154, 532 = j + 3*v. What is the remainder when j is divided by 37?
23
Suppose -2*c - 6*x + 9*x + 17 = 0, 2*c - 23 = x. Suppose 346 + 252 = c*p. Calculate the remainder when p is divided by 12.
10
Let z(s) = 3*s**3 + 29*s**2 + 44*s + 213. What is the remainder when 554 is divided by z(-8)?
11
Let l be (-60)/(18/(-3)) - (1 - -2). Suppose l = -5*u + 22. Suppose 0 = 6*a - 108 - 18. What is the remainder when a is divided by u?
0
Suppose 0 = 102*o - 122533 - 43523. Calculate the remainder when o is divided by 77.
11
Let y(n) = -n**2 + 170*n - 1617. What is the remainder when 1491 is divided by y(157)?
219
Suppose -5*f - 3*x = -68, -20*f + 17*f + 44 = x. Calculate the remainder when (-190)/3*(-6)/5 is divided by f.
12
Let p be 64/(-3)*(54/(-4) - 0). What is the remainder when 4/p*16 - (-3524)/18 is divided by 22?
20
Suppose -5*s + 6 = 1. Suppose -s = -5*r + 14. What is the remainder when ((-2)/(-4))/(195/(-18) - -11) is divided by r?
0
Let s = -11244 + 20974. Calculate the remainder when s is divided by 12.
10
Let k = 64098 - 47299. Calculate the remainder when k is divided by 15.
14
Suppose 0 = -86*b + 84*b, -8163 = -3*k + 4*b. What is the remainder when k is divided by 891?
48
Let u(d) = 654*d + 2356. What is the remainder when u(-2) is divided by 118?
104
Let u = 36 - 17. Let c = -95 + 97. Suppose 5*m = 2*t + 358, 1 = -3*m + c*t + 215. Calculate the remainder when m is divided by u.
15
Let y(v) = v**3 + 12*v**2 + 14*v + 5. Let j be y(-11). Let z(x) = x**2 + 21*x - 93. Calculate the remainder when z(j) is divided by 13.
12
Let q(k) = -k**2 + 9*k - 2. Let y(w) = 6*w + 549 - 444 + w + 4*w. Calculate the remainder when y(-4) is divided by q(6).
13
Suppose 234*j - 104 = 226*j. Calculate the remainder when 491 is divided by j.
10
Suppose 53*j - 3542 = 46*j. Suppose 0 = -492*m + j*m - 2660. What is the remainder when m is divided by 53?
31
Suppose -32*n = -26*n - 336. Let y = n + -38. Let v = -13 - -83. Calculate the remainder when v is divided by y.
16
Calculate the remainder when 13/(-5) + (-157153)/(-205) is divided by 188.
12
Let o(y) = -2*y**2 - 48*y - 18. Let r(k) = k**3 + k**2 + 36. Let j be r(0). Suppose 2*x = -10 - j. What is the remainder when o(x) is divided by 14?
0
Let f be 20 + -25 - (-283 - -1) - -1. Suppose 44 + f = 7*p. Calculate the remainder when 413 is divided by p.
45
Let v = -24434 + 24843. What is the remainder when v is divided by 2/(-9) + 1066/18?
55
Let v = 32798 - 23259. What is the remainder when v is divided by 4769?
1
Let y(b) = -b**3 - 3*b**2 - b - 3. Let u be y(-3). Let v(j) = 153 - 159 + j**2 - j + 69. What is the remainder when v(u) is divided by 23?
17
Let n(h) = 12 - 57*h**2 + 2*h**3 + 4 + 17*h**2 + 39*h - h**3. What is the remainder when 27 is divided by n(39)?
11
Suppose -5*c - 1392 = -4*i, -4*i + 348 = -3*i - 2*c. Let d be (-2)/((-2)/(-1))*6/(-2). Suppose -9*z = d*z - i. What is the remainder when 173 is divided by z?
28
Suppose 4*t + u - 1644 = -3*u, 0 = -3*t - 4*u + 1228. What is the remainder when (-24)/(-13) + -2 + 10464/t is divided by 24?
1
Let j be (-6)/9 - 14/6. Let v = 909 - 998. What is the remainder when (-2)/(((-12)/9)/(j - v)) is divided by 26?
25
Suppose 79*t - 3602 = 1138. Calculate the remainder when 191 is divided by t.
11
What is the remainder when -52*(3 - (-64)/(-4)) + 3 - 1 is divided by 85?
83
What is the remainder when 18078 is divided by 9 + -25 + (19 - -17)?
18
Let a = 50 + -46. Suppose 2*i = -a*i + 36. Calculate the remainder when i is divided by 6.
0
Suppose 5*j + 21 = 2*l, -5*l + 0*l = -5*j - 30. What is the remainder when (-4199)/(-78) + 2/12 is divided by 0/(-3) + (-1)/(j/57)?
16
Suppose -4*w - w - 5*r - 3405 = 0, 4*w = r - 2739. Let y = -670 - w. What is the remainder when 52 is divided by y?
10
Suppose 